{"id":4198,"date":"2012-09-19T09:23:45","date_gmt":"2012-09-19T09:23:45","guid":{"rendered":"https:\/\/thealternativeagency.co.uk\/indigo\/?page_id=4198"},"modified":"2012-09-19T09:23:45","modified_gmt":"2012-09-19T09:23:45","slug":"montpellier-airport","status":"publish","type":"page","link":"https:\/\/designoholic.uk\/indigo\/worldwide-car-hire\/france-car-hire\/montpellier-airport\/","title":{"rendered":"Cheap Car Hire Montpellier Airport"},"content":{"rendered":"<ul class=\"breadcrumbs\" itemscope itemtype=\"http:\/\/schema.org\/BreadcrumbList\">\n<li itemprop=\"itemListElement\" itemscope itemtype=\"http:\/\/schema.org\/ListItem\">\n    <a itemprop=\"item\" href=\"https:\/\/thealternativeagency.co.uk\/indigo\"><br \/>\n    <span itemprop=\"name\">Home<\/span><\/a> ><br \/>\n    <meta itemprop=\"position\" content=\"1\" \/>\n  <\/li>\n<li itemprop=\"itemListElement\" itemscope itemtype=\"http:\/\/schema.org\/ListItem\">\n    <a itemprop=\"item\" href=\"https:\/\/thealternativeagency.co.uk\/indigo\/worldwide-car-hire\/\"><br \/>\n    <span itemprop=\"name\">Worldwide Car Hire<\/span><\/a> ><br \/>\n    <meta itemprop=\"position\" content=\"2\" \/>\n  <\/li>\n<li itemprop=\"itemListElement\" itemscope itemtype=\"http:\/\/schema.org\/ListItem\">\n    <a itemprop=\"item\" href=\"https:\/\/thealternativeagency.co.uk\/indigo\/worldwide-car-hire\/france-car-hire\/\"><br \/>\n    <span itemprop=\"name\">France<\/span><\/a> ><br \/>\n    <meta itemprop=\"position\" content=\"3\" \/>\n  <\/li>\n<li itemprop=\"itemListElement\" itemscope itemtype=\"http:\/\/schema.org\/ListItem\">\n    <a itemprop=\"item\" href=\"https:\/\/thealternativeagency.co.uk\/indigo\/worldwide-car-hire\/france-car-hire\/montpellier-airport\/\"><br \/>\n    <span itemprop=\"name\">Montpellier Airport<\/span><\/a><br \/>\n    <meta itemprop=\"position\" content=\"4\" \/>\n  <\/li>\n<\/ul>\n<p><!-- START OF CARTRAWLER ENGINE --><\/p>\n<p><script type=\"text\/javascript\">\nvar CT = {\n  ABE: {\n    Settings: {\n      clientID: '220585',\n      step1: {\n        deeplinkURL: 'http:\/\/www.cartrawler.com\/res\/affiliate\/',\n        showAvailNewWindow: false,\n  \t\torientation: \"landscape\"\n      }\n    }\n  }\n};\n<\/script><\/p>\n<p>  <script type=\"text\/javascript\">\n(function() {\n  CT.ABE.Settings.version = '5.0';\n  var cts = document.createElement('script'); cts.type = 'text\/javascript'; cts.async = true;\n  cts.src = '\/\/ajaxgeo.cartrawler.com\/abe' + CT.ABE.Settings.version + '\/ct_loader.js?' + new Date().getTime();\n  var s = document.getElementsByTagName('script')[0]; s.parentNode.insertBefore(cts, s);\n})();\n<\/script><\/p>\n<div class=\"new-quoteFormBg\">\n<div id=\"engine-container\">\n<div ct-app><noscript>YOUR BROWSER DOES NOT SUPPORT JAVASCRIPT<\/noscript><\/div>\n<\/div>\n<\/div>\n<p><!-- END OF BOOKING ENGINE --><\/p>\n<h2>Cheap Car Hire Montpellier Airport<\/h2>\n<p style=\"text-align: justify;\">Montpellier Airport, France was the 10th busiest airport in the country last year. Often referred to as either M\u00e9diterran\u00e9e or Fr\u00e9jorgues Airport the need for convenient car hire is has become increasingly popular. That\u2019s where Indigo Car Hire can help. We compare all of our suppliers at the airport to get you the best all inclusive car hire at the cheapest rate. Here at Indigo we aim to take the added stress out of hiring a car. No longer do you have to spend hours trawling through various websites and making numerous phone calls to find the best deal. We\u2019ll do all the leg work for you and you can rest assured we\u2019ll find the best deal for you.<\/p>\n<p>Montpellier, situated between Nimes and B\u00e9ziers on the south coast of France is becoming increasingly popular with business travelers and holidaymakers. As such the demand for affordable and reliable car hire is becoming more apparent. On this basis the we\u2019ve recently increased our supply offering at the airport to ensure we can assist with your hire requirements whatever they may be.<\/p>\n<p>We have some brand new deals with <a href=\"https:\/\/thealternativeagency.co.uk\/indigo\/worldwide-car-hire\/france-car-hire\/montpellier-airport\/4x4-car-hire\/\">4&#215;4 rental cars.<\/a>.<\/p>\n<h2>How To Compare Cheap Car Hire Montpellier Airport<\/h2>\n<p>We&#8217;ve made the process of finding cheap car hire at Montpellier airport as easy as possible. In just a few clicks, using our quote engine you can compare all the rental companies at the airport &#038; find the best deal to suit your specific requirement. Here&#8217;s how:<\/p>\n<ol>\n<li>Type in &#8220;Montpellier Airport&#8221; as your pick-up location<\/li>\n<li>Select your dates<\/li>\n<li>Click the &#8220;Search&#8221; button, and let us pull together all the prices for your given dates<\/li>\n<li>Arrange the listings by price &#038; use the filters on the left to select your specific requirements<\/li>\n<li>Click &#8220;Select&#8221; on your chosen deal<\/li>\n<li>Run through the additional options<\/li>\n<li>Enter your details<\/li>\n<li>Confirm<\/li>\n<\/ol>\n<p>That&#8217;s it, you&#8217;re all set, ensure that you print off your confirmation documents just to ensure you have them as a reference.<\/p>\n<h2>Car Rental Companies At Montpellier Airport<\/h2>\n<p>We work with all the leading car hire suppliers at Montpellier Airport to get you the cheapest possible car hire option for your selected location &#038; dates. To get the very best price we compare:<\/p>\n<ul>\n<li>Alamo<\/li>\n<li>Avis<\/li>\n<li>Budget<\/li>\n<li>Dollar<\/li>\n<li>Enterprise<\/li>\n<li>Europcar<\/li>\n<li>Hertz<\/li>\n<li>Sixt<\/li>\n<li>Thrifty<\/li>\n<\/ul>\n<h2>Rent With Confidence<\/h2>\n<p style=\"text-align: justify;\">At Indigo we make it our aim to find you the best car hire deal not only in terms of price but the overall rental package. Our discount car hire Montpellier airport means we can do just that. All the prices we quote are inclusive of everything you need to hire a vehicle; mileage, insurance, local taxes, road fund license and breakdown cover.<\/p>\n<p>Of course there are additional extra\u2019s you may wish to purchase such as an additional driver to help share the driving, a navigation unit so you\u2019re never lost or many others but unlike some rental companies with Indigo the price you are quoted is the price you pay. You can rent with confidence that everything is taken care of when using Indigo Car Hire.<\/p>\n<h2>Car Hire Montpellier Airport With A Debit Card<\/h2>\n<p style=\"text-align: justify;\">In addition to the usual credit card payments accepted by most rental companies we have now secured a supplier that will allow our customers to use a major <a title=\"Car Hire Montpellier Airport With A Debit Card\" href=\"https:\/\/thealternativeagency.co.uk\/indigo\/worldwide-car-hire\/france-car-hire\/montpellier-airport\/car-hire-with-a-debit-card\/\">debit cards<\/a> when renting in France. This means you can hire a car without a credit card without any problems when collecting your car. Certain criteria need to be met but for full information please click here.<\/p>\n<h2>Young Driver Car Hire Montpellier Airport<\/h2>\n<p>We offer <a href=\"https:\/\/thealternativeagency.co.uk\/indigo\/faq\/young-driver-car-hire\/\">young driver car hire<\/a> at Montpellier airport given that you meet some of our restrictions. Our restrictions vary but at Montpellier airport the guideline is that you need to be 21 and have had your licence for a year prior to hiring with us. You also will be subject to an additional daily fee however we have managed to significantly reduce this.<\/p>\n<h2>No Deposit Car Hire Montpellier Airport<\/h2>\n<p>Struggling to get the funds together for the holiday, the car hire and wait the deposit that comes with that too? We have found a solution for you, we can hire our cars out without a deposit. Sometimes however <a href=\"https:\/\/thealternativeagency.co.uk\/indigo\/faq\/car-hire-no-deposit\/\">car rental with no deposit <\/a> is unavailable due to low availability during peak season therefore we also arranged a backup offer of <a href=\"https:\/\/thealternativeagency.co.uk\/indigo\/low-deposit-car-hire\/\">low deposit car hire<\/a> which is just the deposit on the full tank of fuel. <\/p>\n<p>When your next arranging your Car Hire Montpellier Airport choose Indigo as your one stop shop for all your car rental needs. Call our reservations department today on +44 (0)113 880 0748 for our latest and cheapest car hire deals<\/p>\n","protected":false},"excerpt":{"rendered":"<p>Home > Worldwide Car Hire > France > Montpellier Airport YOUR BROWSER DOES NOT SUPPORT JAVASCRIPT Cheap Car Hire Montpellier Airport Montpellier Airport, [&hellip;]<\/p>\n","protected":false},"author":2,"featured_media":0,"parent":3796,"menu_order":0,"comment_status":"open","ping_status":"open","template":"","meta":{"footnotes":""},"class_list":["post-4198","page","type-page","status-publish","hentry"],"yoast_head":"<!-- This site is optimized with the Yoast SEO plugin v26.9 - https:\/\/yoast.com\/product\/yoast-seo-wordpress\/ -->\n<title>Cheap Car Hire Montpellier Airport | Debit Card Hire, Under 25s<\/title>\n<meta name=\"description\" content=\"Car Hire Montpellier Airport In France was the 10th busiest airport in the country last year. Often referred to as either M\u00e9diterran\u00e9e or Fr\u00e9jorgues Airport\" \/>\n<meta name=\"robots\" content=\"index, follow, max-snippet:-1, max-image-preview:large, max-video-preview:-1\" \/>\n<link rel=\"canonical\" href=\"https:\/\/designoholic.uk\/indigo\/worldwide-car-hire\/france-car-hire\/montpellier-airport\/\" \/>\n<meta property=\"og:locale\" content=\"en_US\" \/>\n<meta property=\"og:type\" content=\"article\" \/>\n<meta property=\"og:title\" content=\"Cheap Car Hire Montpellier Airport | Debit Card Hire, Under 25s\" \/>\n<meta property=\"og:description\" content=\"Car Hire Montpellier Airport In France was the 10th busiest airport in the country last year. Often referred to as either M\u00e9diterran\u00e9e or Fr\u00e9jorgues Airport\" \/>\n<meta property=\"og:url\" content=\"https:\/\/designoholic.uk\/indigo\/worldwide-car-hire\/france-car-hire\/montpellier-airport\/\" \/>\n<meta property=\"og:site_name\" content=\"Indigo Car Hire\" \/>\n<meta name=\"twitter:card\" content=\"summary_large_image\" \/>\n<meta name=\"twitter:label1\" content=\"Est. reading time\" \/>\n\t<meta name=\"twitter:data1\" content=\"4 minutes\" \/>\n<script type=\"application\/ld+json\" class=\"yoast-schema-graph\">{\"@context\":\"https:\/\/schema.org\",\"@graph\":[{\"@type\":\"WebPage\",\"@id\":\"https:\/\/designoholic.uk\/indigo\/worldwide-car-hire\/france-car-hire\/montpellier-airport\/\",\"url\":\"https:\/\/designoholic.uk\/indigo\/worldwide-car-hire\/france-car-hire\/montpellier-airport\/\",\"name\":\"Cheap Car Hire Montpellier Airport | Debit Card Hire, Under 25s\",\"isPartOf\":{\"@id\":\"https:\/\/designoholic.uk\/indigo\/#website\"},\"datePublished\":\"2012-09-19T09:23:45+00:00\",\"description\":\"Car Hire Montpellier Airport In France was the 10th busiest airport in the country last year. Often referred to as either M\u00e9diterran\u00e9e or Fr\u00e9jorgues Airport\",\"breadcrumb\":{\"@id\":\"https:\/\/designoholic.uk\/indigo\/worldwide-car-hire\/france-car-hire\/montpellier-airport\/#breadcrumb\"},\"inLanguage\":\"en-US\",\"potentialAction\":[{\"@type\":\"ReadAction\",\"target\":[\"https:\/\/designoholic.uk\/indigo\/worldwide-car-hire\/france-car-hire\/montpellier-airport\/\"]}]},{\"@type\":\"BreadcrumbList\",\"@id\":\"https:\/\/designoholic.uk\/indigo\/worldwide-car-hire\/france-car-hire\/montpellier-airport\/#breadcrumb\",\"itemListElement\":[{\"@type\":\"ListItem\",\"position\":1,\"name\":\"Home\",\"item\":\"https:\/\/designoholic.uk\/indigo\/\"},{\"@type\":\"ListItem\",\"position\":2,\"name\":\"Worldwide Car Hire\",\"item\":\"https:\/\/designoholic.uk\/indigo\/worldwide-car-hire\/\"},{\"@type\":\"ListItem\",\"position\":3,\"name\":\"France Car Hire\",\"item\":\"https:\/\/designoholic.uk\/indigo\/worldwide-car-hire\/france-car-hire\/\"},{\"@type\":\"ListItem\",\"position\":4,\"name\":\"Cheap Car Hire Montpellier Airport\"}]},{\"@type\":\"WebSite\",\"@id\":\"https:\/\/designoholic.uk\/indigo\/#website\",\"url\":\"https:\/\/designoholic.uk\/indigo\/\",\"name\":\"Indigo Car Hire\",\"description\":\"\",\"publisher\":{\"@id\":\"https:\/\/designoholic.uk\/indigo\/#organization\"},\"potentialAction\":[{\"@type\":\"SearchAction\",\"target\":{\"@type\":\"EntryPoint\",\"urlTemplate\":\"https:\/\/designoholic.uk\/indigo\/?s={search_term_string}\"},\"query-input\":{\"@type\":\"PropertyValueSpecification\",\"valueRequired\":true,\"valueName\":\"search_term_string\"}}],\"inLanguage\":\"en-US\"},{\"@type\":\"Organization\",\"@id\":\"https:\/\/designoholic.uk\/indigo\/#organization\",\"name\":\"Indigo Car Hire\",\"url\":\"https:\/\/designoholic.uk\/indigo\/\",\"logo\":{\"@type\":\"ImageObject\",\"inLanguage\":\"en-US\",\"@id\":\"https:\/\/designoholic.uk\/indigo\/#\/schema\/logo\/image\/\",\"url\":\"https:\/\/alshokar.com\/demo\/wp-content\/uploads\/2021\/11\/indigo-logo.png\",\"contentUrl\":\"https:\/\/alshokar.com\/demo\/wp-content\/uploads\/2021\/11\/indigo-logo.png\",\"width\":146,\"height\":65,\"caption\":\"Indigo Car Hire\"},\"image\":{\"@id\":\"https:\/\/designoholic.uk\/indigo\/#\/schema\/logo\/image\/\"}}]}<\/script>\n<!-- \/ Yoast SEO plugin. -->","yoast_head_json":{"title":"Cheap Car Hire Montpellier Airport | Debit Card Hire, Under 25s","description":"Car Hire Montpellier Airport In France was the 10th busiest airport in the country last year. Often referred to as either M\u00e9diterran\u00e9e or Fr\u00e9jorgues Airport","robots":{"index":"index","follow":"follow","max-snippet":"max-snippet:-1","max-image-preview":"max-image-preview:large","max-video-preview":"max-video-preview:-1"},"canonical":"https:\/\/designoholic.uk\/indigo\/worldwide-car-hire\/france-car-hire\/montpellier-airport\/","og_locale":"en_US","og_type":"article","og_title":"Cheap Car Hire Montpellier Airport | Debit Card Hire, Under 25s","og_description":"Car Hire Montpellier Airport In France was the 10th busiest airport in the country last year. Often referred to as either M\u00e9diterran\u00e9e or Fr\u00e9jorgues Airport","og_url":"https:\/\/designoholic.uk\/indigo\/worldwide-car-hire\/france-car-hire\/montpellier-airport\/","og_site_name":"Indigo Car Hire","twitter_card":"summary_large_image","twitter_misc":{"Est. reading time":"4 minutes"},"schema":{"@context":"https:\/\/schema.org","@graph":[{"@type":"WebPage","@id":"https:\/\/designoholic.uk\/indigo\/worldwide-car-hire\/france-car-hire\/montpellier-airport\/","url":"https:\/\/designoholic.uk\/indigo\/worldwide-car-hire\/france-car-hire\/montpellier-airport\/","name":"Cheap Car Hire Montpellier Airport | Debit Card Hire, Under 25s","isPartOf":{"@id":"https:\/\/designoholic.uk\/indigo\/#website"},"datePublished":"2012-09-19T09:23:45+00:00","description":"Car Hire Montpellier Airport In France was the 10th busiest airport in the country last year. Often referred to as either M\u00e9diterran\u00e9e or Fr\u00e9jorgues Airport","breadcrumb":{"@id":"https:\/\/designoholic.uk\/indigo\/worldwide-car-hire\/france-car-hire\/montpellier-airport\/#breadcrumb"},"inLanguage":"en-US","potentialAction":[{"@type":"ReadAction","target":["https:\/\/designoholic.uk\/indigo\/worldwide-car-hire\/france-car-hire\/montpellier-airport\/"]}]},{"@type":"BreadcrumbList","@id":"https:\/\/designoholic.uk\/indigo\/worldwide-car-hire\/france-car-hire\/montpellier-airport\/#breadcrumb","itemListElement":[{"@type":"ListItem","position":1,"name":"Home","item":"https:\/\/designoholic.uk\/indigo\/"},{"@type":"ListItem","position":2,"name":"Worldwide Car Hire","item":"https:\/\/designoholic.uk\/indigo\/worldwide-car-hire\/"},{"@type":"ListItem","position":3,"name":"France Car Hire","item":"https:\/\/designoholic.uk\/indigo\/worldwide-car-hire\/france-car-hire\/"},{"@type":"ListItem","position":4,"name":"Cheap Car Hire Montpellier Airport"}]},{"@type":"WebSite","@id":"https:\/\/designoholic.uk\/indigo\/#website","url":"https:\/\/designoholic.uk\/indigo\/","name":"Indigo Car Hire","description":"","publisher":{"@id":"https:\/\/designoholic.uk\/indigo\/#organization"},"potentialAction":[{"@type":"SearchAction","target":{"@type":"EntryPoint","urlTemplate":"https:\/\/designoholic.uk\/indigo\/?s={search_term_string}"},"query-input":{"@type":"PropertyValueSpecification","valueRequired":true,"valueName":"search_term_string"}}],"inLanguage":"en-US"},{"@type":"Organization","@id":"https:\/\/designoholic.uk\/indigo\/#organization","name":"Indigo Car Hire","url":"https:\/\/designoholic.uk\/indigo\/","logo":{"@type":"ImageObject","inLanguage":"en-US","@id":"https:\/\/designoholic.uk\/indigo\/#\/schema\/logo\/image\/","url":"https:\/\/alshokar.com\/demo\/wp-content\/uploads\/2021\/11\/indigo-logo.png","contentUrl":"https:\/\/alshokar.com\/demo\/wp-content\/uploads\/2021\/11\/indigo-logo.png","width":146,"height":65,"caption":"Indigo Car Hire"},"image":{"@id":"https:\/\/designoholic.uk\/indigo\/#\/schema\/logo\/image\/"}}]}},"_links":{"self":[{"href":"https:\/\/designoholic.uk\/indigo\/wp-json\/wp\/v2\/pages\/4198","targetHints":{"allow":["GET"]}}],"collection":[{"href":"https:\/\/designoholic.uk\/indigo\/wp-json\/wp\/v2\/pages"}],"about":[{"href":"https:\/\/designoholic.uk\/indigo\/wp-json\/wp\/v2\/types\/page"}],"author":[{"embeddable":true,"href":"https:\/\/designoholic.uk\/indigo\/wp-json\/wp\/v2\/users\/2"}],"replies":[{"embeddable":true,"href":"https:\/\/designoholic.uk\/indigo\/wp-json\/wp\/v2\/comments?post=4198"}],"version-history":[{"count":0,"href":"https:\/\/designoholic.uk\/indigo\/wp-json\/wp\/v2\/pages\/4198\/revisions"}],"up":[{"embeddable":true,"href":"https:\/\/designoholic.uk\/indigo\/wp-json\/wp\/v2\/pages\/3796"}],"wp:attachment":[{"href":"https:\/\/designoholic.uk\/indigo\/wp-json\/wp\/v2\/media?parent=4198"}],"curies":[{"name":"wp","href":"https:\/\/api.w.org\/{rel}","templated":true}]}}